3.
181
Calculate the greatest common factor of 326715 and 240.
15
What is the highest common factor of 10179 and 125463?
39
What is the greatest common factor of 3872792 and 231?
77
What is the greatest common divisor of 45648 and 48506706?
5706
Calculate the highest common divisor of 8934 and 275794069.
1489
Calculate the greatest common divisor of 3441 and 70359274.
1147
Calculate the greatest common divisor of 42651 and 7101.
9
What is the highest common factor of 840 and 2726472?
168
What is the greatest common factor of 2638062 and 6822?
18
Calculate the greatest common divisor of 154 and 665390.
22
What is the greatest common factor of 121453185 and 1020?
255
Calculate the highest common divisor of 25670 and 361947.
2567
What is the greatest common factor of 27449373 and 17?
17
What is the highest common divisor of 1209757091 and 431?
431
What is the highest common factor of 4352 and 768224?
32
Calculate the greatest common divisor of 2937 and 651.
3
Calculate the highest common factor of 888168 and 659272.
184
Calculate the highest common divisor of 125333998 and 1102.
58
What is the highest common factor of 42 and 4027728?
6
What is the greatest common factor of 237994 and 17461?
19
What is the greatest common factor of 5494199 and 15987?
5329
What is the greatest common factor of 417 and 8387677?
139
Calculate the highest common factor of 30150641 and 191086.
13649
Calculate the highest common factor of 375532 and 4962196.
892
Calculate the highest common factor of 11801257 and 2054.
1027
Calculate the greatest common factor of 97979 and 3.
1
What is the highest common divisor of 67865120 and 48?
16
Calculate the highest common factor of 2490 and 448450245.
1245
Calculate the greatest common divisor of 126413079 and 16365.
3273
What is the greatest common factor of 33832 and 27577309?
4229
What is the greatest common divisor of 72 and 34701228?
36
Calculate the greatest common divisor of 2054 and 134381.
13
What is the highest common divisor of 1051768 and 82336?
248
Calculate the greatest common factor of 30 and 145424910.
30
What is the highest common divisor of 801 and 14073471?
9
Calculate the greatest common divisor of 2612598 and 140262.
582
What is the greatest common factor of 16 and 4167520?
16
Calculate the greatest common factor of 2312 and 1337033.
17
What is the highest common factor of 517850 and 600?
50
What is the greatest common factor of 480 and 3048528?
48
What is the highest common factor of 193404 and 42600?
852
What is the greatest common divisor of 364022512 and 70?
14
What is the greatest common factor of 3128006 and 1890?
14
What is the greatest common divisor of 16330000 and 1200?
400
What is the greatest common factor of 70 and 25986800?
70
Calculate the greatest common factor of 31507344 and 1980.
396
Calculate the greatest common factor of 302763 and 11653.
43
What is the greatest common divisor of 34132 and 30369?
53
What is the highest common factor of 207 and 138593699?
23
What is the greatest common factor of 4441150 and 175?
175
Calculate the highest common divisor of 2242255 and 10.
5
Calculate the highest common factor of 5789 and 487103827.
5789
What is the highest common factor of 269800 and 42655?
95
Calculate the greatest common divisor of 781781 and 763.
7
What is the highest common divisor of 13 and 141369?
1
What is the highest common factor of 1405310 and 4810?
10
Calculate the greatest common divisor of 13272 and 948000.
1896
What is the highest common divisor of 2368 and 70235472?
592
What is the greatest common factor of 113857 and 14596?
41
What is the greatest common factor of 480556 and 9550?
382
Calculate the highest common factor of 30 and 15524186.
2
Calculate the highest common divisor of 1087065 and 259840.
1015
What is the highest common factor of 4215696 and 736128?
3408
Calculate the highest common factor of 4535 and 28128791.
907
Calculate the greatest common divisor of 990 and 818327400.
330
Calculate the highest common factor of 88 and 40759906.
22
Calculate the highest common factor of 12007816 and 61280.
3064
What is the highest common factor of 4426 and 1834577?
2213
Calculate the highest common divisor of 5700 and 301777.
19
What is the greatest common factor of 32 and 17924384?
32
Calculate the greatest common factor of 18068 and 2686.
2
Calculate the greatest common divisor of 16787484 and 3339.
63
Calculate the greatest common divisor of 19325679 and 1178.
589
Calculate the greatest common factor of 801 and 2683973.
89
Calculate the highest common divisor of 780467 and 195306.
757
What is the greatest common factor of 618 and 63031880?
206
Calculate the highest common divisor of 80226270 and 438.
438
Calculate the greatest common factor of 716925 and 946825.
3025
Calculate the highest common factor of 64 and 1742872.
8
Calculate the greatest common divisor of 25233 and 336336.
39
Calculate the greatest common divisor of 4081 and 1231538.
77
Calculate the greatest common factor of 88 and 2321.
11
What is the highest common divisor of 96191616 and 576?
192
Calculate the highest common divisor of 12051152 and 1072.
16
What is the greatest common divisor of 12023535 and 15?
15
What is the greatest common factor of 5610 and 826815?
165
Calculate the highest common divisor of 735 and 93732835.
245
What is the highest common factor of 73531850 and 650?
50
Calculate the greatest common factor of 380 and 87482764.
76
What is the greatest common factor of 21767190 and 20?
10
What is the highest common divisor of 1612 and 856752?
52
Calculate the greatest common factor of 201446102 and 4290.
286
What is the highest common factor of 452 and 61825238?
226
Calculate the greatest common divisor of 2028622158 and 1103.
1103
Calculate the highest common factor of 2455152 and 17724.
84
What is the highest common divisor of 8214 and 98614546?
2738
What is the highest common divisor of 1836 and 2815506?
918
Calculate the greatest common factor of 1285 and 15376053.
257
Calculate the greatest common factor of 299996 and 549317.
2027
Calculate the greatest common factor of 345 and 35850.
15
What is the highest common divisor of 644 and 106414652?
92
What is the highest common factor of 4950960 and 22680?
840
Calculate the highest common divisor of 1035 and 1055265.
15
What is the greatest common factor of 64032546 and 114?
114
What is the greatest common divisor of 744957 and 135791?
541
Calculate the highest common factor of 493 and 1850432.
29
Calculate the highest common factor of 19258124 and 163.
163
What is the highest common divisor of 43546317 and 311187?
6621
What is the highest common factor of 15080 and 3292250?
130
What is the highest common divisor of 586176 and 320?
64
What is the highest common divisor of 3796561 and 342?
19
Calculate the highest common factor of 850 and 668185.
85
Calculate the highest common divisor of 1316 and 24050992.
28
What is the greatest common factor of 2708 and 146?
2
Calculate the highest common divisor of 337884 and 5286.
6
Calculate the greatest common divisor of 568974 and 526953.
483
Calculate the greatest common divisor of 2325638 and 2352.
98
Calculate the highest common divisor of 5433208 and 1595.
319
What is the highest common factor of 17154 and 11232?
18
Calculate the greatest common factor of 22227921 and 381.
381
Calculate the greatest common factor of 1025 and 492125.
25
Calculate the highest common factor of 192 and 11739468.
12
Calculate the highest common divisor of 80443 and 974688.
781
What is the highest common divisor of 5195089 and 4362209?
10411
Calculate the highest common divisor of 161811810 and 60.
30
Calculate the greatest common factor of 917217294 and 42.
42
Calculate the highest common divisor of 1735368 and 552.
24
Calculate the greatest common factor of 2181257 and 8398.
247
Calculate the highest common divisor of 24837 and 186901347.
1461
Calculate the highest common factor of 19 and 446566861.
19
Calculate the highest common factor of 83810437 and 2173.
2173
What is the greatest common factor of 333 and 321309?
9
What is the greatest common factor of 1660368125 and 1625?
1625
Calculate the highest common divisor of 1047740220 and 13032.
6516
Calculate the greatest common factor of 94 and 10684087.
47
Calcul